{"id":7213,"date":"2023-12-18T13:40:02","date_gmt":"2023-12-18T13:40:02","guid":{"rendered":"https:\/\/morsi.cl\/?page_id=7213"},"modified":"2025-01-03T01:37:40","modified_gmt":"2025-01-03T01:37:40","slug":"rental","status":"publish","type":"page","link":"https:\/\/morsi.cl\/index.php\/rental\/","title":{"rendered":"Rental"},"content":{"rendered":"<div class=\"wpb-content-wrapper\"><p>[vc_row 0=\u00bbresponsive_spacing=\u00abeyJwYXJhbV90eXBlIjoid29vZG1hcnRfcmVzcG9uc2l2ZV9zcGFjaW5nIiwic2VsZWN0b3JfaWQiOi2NTc4YjU2ZDE3YTI1Iwic2hvcnRjb2RlIjoidmNfcm93IiwiZGF0YSI6eyJ0YWJSZXQiOnt9LCJtb2JpbGUiOnsibWFyZ2luLWVDHRvbSI6IjYwcHgifX1&#8243; 1=\u00bbrow_reverse_mobile=\u00ab0\u00abrow_reverse_tablet=\u00ab0\u00ab\u00bb css=\u00bb.vc_custom_1702409591239{margin-top: 80px!important; margin-bottom: 80px !important;}\u00bb woodmart_css_id=\u00bb6578b56d17a25&#8243; mobile_bg_img_hidden=\u00bbno\u00bb tablet_bg_img_hidden=\u00bbno\u00bb woodmart_parallax=\u00bb0&#8243; woodmart_gradient_switch=\u00bbno\u00bb woodmart_disable_overflow=\u00bb0&#8243; woodmart_box_shadow=\u00bbno\u00bb wd_z_index=\u00bbno\u00bb][vc_column 0=\u00bbresponsive_spacing=\u00abeyJwYXJhbV90eXBlIjoid29vZG1hcnRfcmVzcG9uc2l2L2ZV9zcGFjaW5nIiwic2VsZWN0b3JfaWQiOiI2MTEzNmFlNzE3YmE5Iwic2hvcnRjb2RlIjoidmNfY29sdW1uIiwiZGF0YSI6eyJ0YWJSZXQiOnt9LCJTb2JpbGUiOnt9fX0=parallax_scroll=\u00abno\u00ab\u00bb 1=\u00bbwoodmart_parallax=\u00ab0\u00abwoodmart_sticky_column=\u00abfalse\u00ab\u00bb woodmart_css_id=\u00bb67773efe60a01&#8243; mobile_bg_img_hidden=\u00bbno\u00bb tablet_bg_img_hidden=\u00bbno\u00bb mobile_reset_margin=\u00bbno\u00bb tablet_reset_margin=\u00bbno\u00bb parallax_scroll=\u00bbno\u00bb woodmart_sticky_column=\u00bbfalse\u00bb wd_collapsible_content_switcher=\u00bbno\u00bb woodmart_parallax=\u00bb0&#8243; woodmart_box_shadow=\u00bbno\u00bb wd_z_index=\u00bbno\u00bb responsive_spacing=\u00bbeyJwYXJhbV90eXBlIjoid29vZG1hcnRfcmVzcG9uc2l2ZV9zcGFjaW5nIiwic2VsZWN0b3JfaWQiOiI2Nzc3M2VmZTYwYTAxIiwic2hvcnRjb2RlIjoidmNfY29sdW1uIiwiZGF0YSI6eyJ0YWJsZXQiOnt9LCJtb2JpbGUiOnt9fX0=\u00bb]\t\t\n\t\t<div id=\"wd-67773f1404803\" class=\"title-wrapper wd-wpb set-mb-s reset-last-child  wd-rs-67773f1404803 wd-title-color-default wd-underline-colored wd-title-style-default wd-width-100 text-center wd-off-anim wpb_animate_when_almost_visible wpb_bounceIn bounceIn wd-anim-name_bounceIn \">\n\t\t\t\n\t\t\t<div class=\"liner-continer\">\n\t\t\t\t<h4 class=\"woodmart-title-container title  wd-font-weight-200 wd-fontsize-l\" >Equipos de Izaje, Camiones Aljibes y Retroexcavadoras: <u>Soluciones Integrales<\/u> para la Construcci\u00f3n y Miner\u00eda.<\/h4>\n\t\t\t\t\t\t\t<\/div>\n\t\t\t\n\t\t\t\n\t\t\t\n\t\t<\/div>\n\t\t\n\t\t[\/vc_column][\/vc_row][vc_row 0=\u00bbresponsive_spacing=\u00abeyJwYXJhbV90eXBlIjoid29vZG1hcnRfcmVzcG9uc2l2ZV9zcGFjaW5nIiwic2VsZWN0b3JfaWQiOi2NTc4YjU2ZDE3YTI1Iwic2hvcnRjb2RlIjoidmNfcm93IiwiZGF0YSI6eyJ0YWJSZXQiOnt9LCJtb2JpbGUiOnsibWFyZ2luLWVDHRvbSI6IjYwcHgifX1&#8243; 1=\u00bbrow_reverse_mobile=\u00ab0\u00abrow_reverse_tablet=\u00ab0\u00ab\u00bb css=\u00bb.vc_custom_1702409591239{margin-top: 80px!important; margin-bottom: 80px !important;}\u00bb woodmart_css_id=\u00bb6578b56d17a25&#8243; mobile_bg_img_hidden=\u00bbno\u00bb tablet_bg_img_hidden=\u00bbno\u00bb woodmart_parallax=\u00bb0&#8243; woodmart_gradient_switch=\u00bbno\u00bb woodmart_disable_overflow=\u00bb0&#8243; woodmart_box_shadow=\u00bbno\u00bb wd_z_index=\u00bbno\u00bb][vc_column 0=\u00bbresponsive_spacing=\u00abeyJwYXJhbV90eXBlIjoid29vZG1hcnRfcmVzcG9uc2l2ZV9zcGFjaW5nIiwic2VsZWN0b3JfaWQiOi2MTEzNmFlNzE3YmE5Iwic2hvcnRjb2RlIjoidmNfY29sdW1uIiwiZGF0YSI6eyJ0YWJSZXQiOnt9LCJTb2JpbGUiOnt9X0=\u00abparallax_scroll\u00bb 1=\u00bbno\u00ab\u00bb 2=\u00bbwoodmart_parallax\u00bb 3=\u00bbwoodmart_parallax\u00bb 4=\u00bbWoodmart_parallax=\u00abwoodmart_sticky_column=\u00abfalse\u00ab\u00bb width=\u00bb1\/2&#8243; woodmart_css_id=\u00bb61136ae717ba9&#8243; mobile_bg_img_hidden=\u00bbno\u00bb tablet_bg_img_hidden=\u00bbno\u00bb tb2jpbguiont9x0=\u00bbno\u00bb mobile_reset_margin=\u00bbno\u00bb tablet_reset_margin=\u00bbno\u00bb][vc_single_image image=\u00bb7262&#8243; img_size=\u00bbfull\u00bb add_caption=\u00bbyes\u00bb alignment=\u00bbcenter\u00bb css_animation=\u00bbfadeInLeft\u00bb parallax_scroll=\u00bbno\u00bb woodmart_inline=\u00bbno\u00bb][\/vc_column][vc_column width=\u00bb1\/2&#8243; woodmart_text_align=\u00bbcenter\u00bb woodmart_css_id=\u00bb657be56531b00&#8243; parallax_scroll=\u00bbno\u00bb woodmart_sticky_column=\u00bbfalse\u00bb wd_collapsible_content_switcher=\u00bbno\u00bb mobile_bg_img_hidden=\u00bbno\u00bb tablet_bg_img_hidden=\u00bbno\u00bb woodmart_parallax=\u00bb0&#8243; woodmart_box_shadow=\u00bbno\u00bb mobile_reset_margin=\u00bbno\u00bb tablet_reset_margin=\u00bbno\u00bb wd_z_index=\u00bbno\u00bb responsive_spacing=\u00bbeyJwYXJhbV90eXBlIjoid29vZG1hcnRfcmVzcG9uc2l2ZV9zcGFjaW5nIiwic2VsZWN0b3JfaWQiOiI2NTdiZTU2NTMxYjAwIiwic2hvcnRjb2RlIjoidmNfY29sdW1uIiwiZGF0YSI6eyJ0YWJsZXQiOnt9LCJtb2JpbGUiOnt9fX0=\u00bb]\t\t\n\t\t<div id=\"wd-67773cf764df0\" class=\"title-wrapper wd-wpb set-mb-s reset-last-child  wd-rs-67773cf764df0 wd-title-color-default wd-underline-colored wd-title-style-simple wd-width-100 text-center wd-off-anim wpb_animate_when_almost_visible wpb_fadeInUp fadeInUp wd-anim-name_fadeInUp vc_custom_1735867686237\">\n\t\t\t\n\t\t\t<div class=\"liner-continer\">\n\t\t\t\t<h4 class=\"woodmart-title-container title  wd-font-weight- wd-fontsize-m\" >RENTAL<br \/>\n<u>MOSI SPA<\/u><\/h4>\n\t\t\t\t\t\t\t<\/div>\n\t\t\t\n\t\t\t\n\t\t\t\n\t\t<\/div>\n\t\t\n\t\t[vc_column_text css_animation=\u00bbfadeInUp\u00bb woodmart_inline=\u00bbno\u00bb text_larger=\u00bbno\u00bb]<\/p>\n<h4>Descubre nuestra amplia gama de equipos de izaje, camiones aljibes y retroexcavadoras, dise\u00f1ados para ofrecer soluciones eficientes y seguras en los sectores de la construcci\u00f3n y miner\u00eda.<\/h4>\n<h4>Nuestros productos son reconocidos por su durabilidad, rendimiento y adaptabilidad a diversas condiciones de trabajo, garantizando operaciones fluidas y rentables en todo momento.<\/h4>\n<p>[\/vc_column_text][vc_btn title=\u00bb<b>COTIZAR EQUIPOS<\/b>\u00bb style=\u00bbgradient-custom\u00bb gradient_custom_color_1=\u00bb#e83a3a\u00bb gradient_custom_color_2=\u00bb#fbbc34&#8243; shape=\u00bbround\u00bb size=\u00bblg\u00bb align=\u00bbcenter\u00bb i_icon_fontawesome=\u00bbfas fa-headset\u00bb css_animation=\u00bbfadeInUp\u00bb add_icon=\u00bbtrue\u00bb link=\u00bburl:https%3A%2F%2Fmorsi.cl%2Findex.php%2Fcontacto%2F\u00bb][\/vc_column][vc_column][\/vc_column][\/vc_row][vc_row][vc_column width=\u00bb1\/6&#8243;][\/vc_column][vc_column width=\u00bb2\/3&#8243;][vc_images_carousel images=\u00bb7264,7263,7262,7308,7309,7311,7312,7313,7314,7315,7338,7336,7339&#8243; img_size=\u00bb500&#215;350&#8243; speed=\u00bb3000&#8243; slides_per_view=\u00bb2&#8243; autoplay=\u00bbyes\u00bb hide_pagination_control=\u00bbyes\u00bb hide_prev_next_buttons=\u00bbyes\u00bb wrap=\u00bbyes\u00bb css_animation=\u00bbzoomIn\u00bb css=\u00bb.vc_custom_1735867974779{margin-left: 30px !important;}\u00bb][\/vc_column][vc_column width=\u00bb1\/6&#8243;][\/vc_column][\/vc_row][vc_row css=\u00bb.vc_custom_1702614959411{margin-top: 60px !important;}\u00bb woodmart_css_id=\u00bb657bd7aaac2d3&#8243; responsive_spacing=\u00bbeyJwYXJhbV90eXBlIjoid29vZG1hcnRfcmVzcG9uc2l2ZV9zcGFjaW5nIiwic2VsZWN0b3JfaWQiOiI2NTdiZDdhYWFjMmQzIiwic2hvcnRjb2RlIjoidmNfcm93IiwiZGF0YSI6eyJ0YWJsZXQiOnt9LCJtb2JpbGUiOnt9fX0=\u00bb mobile_bg_img_hidden=\u00bbno\u00bb tablet_bg_img_hidden=\u00bbno\u00bb woodmart_parallax=\u00bb0&#8243; woodmart_gradient_switch=\u00bbno\u00bb woodmart_box_shadow=\u00bbno\u00bb wd_z_index=\u00bbno\u00bb woodmart_disable_overflow=\u00bb0&#8243; row_reverse_mobile=\u00bb0&#8243; row_reverse_tablet=\u00bb0&#8243;][vc_column]\t\t\n\t\t<div id=\"wd-67773e764b7b9\" class=\"title-wrapper wd-wpb set-mb-s reset-last-child  wd-rs-67773e764b7b9 wd-title-color-default wd-underline-colored wd-title-style-simple wd-width-custom text-center wd-off-anim wpb_animate_when_almost_visible wpb_fadeInUp fadeInUp wd-anim-name_fadeInUp vc_custom_1735868037669\">\n\t\t\t\n\t\t\t<div class=\"liner-continer\">\n\t\t\t\t<h4 class=\"woodmart-title-container title  wd-font-weight-300 wd-fontsize-l\" >Nuestros <u>Clientes<\/u><\/h4>\n\t\t\t\t\t\t\t<\/div>\n\t\t\t\n\t\t\t\n\t\t\t\n\t\t<\/div>\n\t\t\n\t\t[vc_row_inner][vc_column_inner width=\u00bb2\/3&#8243;][\/vc_column_inner][\/vc_row_inner][vc_images_carousel images=\u00bb7183,7186,7185,7187,7188,7265,7266,7305,7306&#8243; img_size=\u00bb200&#215;200&#8243; speed=\u00bb3000&#8243; slides_per_view=\u00bb4&#8243; autoplay=\u00bbyes\u00bb hide_pagination_control=\u00bbyes\u00bb hide_prev_next_buttons=\u00bbyes\u00bb wrap=\u00bbyes\u00bb css_animation=\u00bbwd-slide-from-bottom\u00bb][\/vc_column][\/vc_row]<\/p>\n<\/div>","protected":false},"excerpt":{"rendered":"<p>[vc_row 0=\u00bbresponsive_spacing=\u00abeyJwYXJhbV90eXBlIjoid29vZG1hcnRfcmVzcG9uc2l2ZV9zcGFjaW5nIiwic2VsZWN0b3JfaWQiOi2NTc4YjU2ZDE3YTI1Iwic2hvcnRjb2RlIjoidmNfcm93IiwiZGF0YSI6eyJ0YWJSZXQiOnt9LCJtb2JpbGUiOnsibWFyZ2luLWVDHRvbSI6IjYwcHgifX1&#8243; 1=\u00bbrow_reverse_mobile=\u00ab0\u00abrow_reverse_tablet=\u00ab0\u00ab\u00bb css=\u00bb.vc_custom_1702409591239{margin-top: 80px!important; margin-bottom: 80px !important;}\u00bb woodmart_css_id=\u00bb6578b56d17a25&#8243; mobile_bg_img_hidden=\u00bbno\u00bb tablet_bg_img_hidden=\u00bbno\u00bb woodmart_parallax=\u00bb0&#8243; woodmart_gradient_switch=\u00bbno\u00bb woodmart_disable_overflow=\u00bb0&#8243; woodmart_box_shadow=\u00bbno\u00bb wd_z_index=\u00bbno\u00bb][vc_column 0=\u00bbresponsive_spacing=\u00abeyJwYXJhbV90eXBlIjoid29vZG1hcnRfcmVzcG9uc2l2L2ZV9zcGFjaW5nIiwic2VsZWN0b3JfaWQiOiI2MTEzNmFlNzE3YmE5Iwic2hvcnRjb2RlIjoidmNfY29sdW1uIiwiZGF0YSI6eyJ0YWJSZXQiOnt9LCJTb2JpbGUiOnt9fX0=parallax_scroll=\u00abno\u00ab\u00bb 1=\u00bbwoodmart_parallax=\u00ab0\u00abwoodmart_sticky_column=\u00abfalse\u00ab\u00bb woodmart_css_id=\u00bb67773efe60a01&#8243; mobile_bg_img_hidden=\u00bbno\u00bb<\/p>\n","protected":false},"author":1,"featured_media":0,"parent":0,"menu_order":0,"comment_status":"closed","ping_status":"closed","template":"","meta":{"footnotes":""},"class_list":["post-7213","page","type-page","status-publish","hentry"],"_links":{"self":[{"href":"https:\/\/morsi.cl\/index.php\/wp-json\/wp\/v2\/pages\/7213","targetHints":{"allow":["GET"]}}],"collection":[{"href":"https:\/\/morsi.cl\/index.php\/wp-json\/wp\/v2\/pages"}],"about":[{"href":"https:\/\/morsi.cl\/index.php\/wp-json\/wp\/v2\/types\/page"}],"author":[{"embeddable":true,"href":"https:\/\/morsi.cl\/index.php\/wp-json\/wp\/v2\/users\/1"}],"replies":[{"embeddable":true,"href":"https:\/\/morsi.cl\/index.php\/wp-json\/wp\/v2\/comments?post=7213"}],"version-history":[{"count":13,"href":"https:\/\/morsi.cl\/index.php\/wp-json\/wp\/v2\/pages\/7213\/revisions"}],"predecessor-version":[{"id":7342,"href":"https:\/\/morsi.cl\/index.php\/wp-json\/wp\/v2\/pages\/7213\/revisions\/7342"}],"wp:attachment":[{"href":"https:\/\/morsi.cl\/index.php\/wp-json\/wp\/v2\/media?parent=7213"}],"curies":[{"name":"wp","href":"https:\/\/api.w.org\/{rel}","templated":true}]}}